 of 40 and 304?
8
What is the greatest common divisor of 43 and 129?
43
Calculate the highest common divisor of 70 and 21.
7
Calculate the highest common divisor of 1012 and 736.
92
What is the highest common divisor of 45 and 510?
15
Calculate the greatest common divisor of 16169 and 38.
19
Calculate the highest common divisor of 240 and 5.
5
What is the highest common divisor of 3456 and 612?
36
Calculate the greatest common divisor of 7843 and 69.
23
Calculate the highest common divisor of 580 and 2668.
116
What is the highest common divisor of 5310 and 36?
18
What is the greatest common factor of 85 and 7820?
85
Calculate the greatest common divisor of 485 and 5723.
97
What is the highest common factor of 309 and 174?
3
What is the greatest common divisor of 12 and 6684?
12
What is the greatest common factor of 12 and 12?
12
What is the highest common factor of 3 and 507?
3
What is the highest common divisor of 120 and 15?
15
Calculate the highest common factor of 980 and 380.
20
What is the greatest common factor of 11085 and 75?
15
Calculate the highest common factor of 1921 and 565.
113
Calculate the greatest common divisor of 44 and 737.
11
What is the highest common factor of 9 and 3456?
9
What is the highest common factor of 2464 and 77?
77
What is the highest common factor of 3394 and 2?
2
What is the highest common factor of 374 and 646?
34
What is the greatest common factor of 459 and 255?
51
Calculate the greatest common divisor of 29 and 1711.
29
What is the highest common divisor of 893 and 752?
47
Calculate the highest common factor of 555 and 15.
15
Calculate the greatest common divisor of 10 and 85.
5
What is the greatest common factor of 186 and 10509?
93
Calculate the greatest common factor of 47 and 47.
47
What is the highest common divisor of 6900 and 805?
115
Calculate the highest common factor of 18 and 1062.
18
What is the greatest common factor of 330 and 275?
55
What is the greatest common factor of 34 and 1394?
34
What is the highest common factor of 110 and 6490?
110
What is the highest common divisor of 15 and 9?
3
Calculate the highest common divisor of 2160 and 3510.
270
What is the greatest common divisor of 46 and 782?
46
What is the highest common divisor of 15 and 1515?
15
Calculate the highest common divisor of 8300 and 200.
100
What is the greatest common divisor of 27 and 1728?
27
What is the highest common divisor of 32 and 94?
2
Calculate the greatest common divisor of 56 and 196.
28
Calculate the greatest common divisor of 405 and 4185.
135
Calculate the highest common factor of 285 and 255.
15
Calculate the greatest common divisor of 36 and 1636.
4
Calculate the greatest common factor of 1628 and 44.
44
What is the highest common divisor of 2984 and 24?
8
What is the greatest common divisor of 3861 and 693?
99
Calculate the greatest common factor of 19 and 5.
1
Calculate the greatest common factor of 40 and 8.
8
Calculate the highest common divisor of 279 and 18.
9
What is the greatest common factor of 33620 and 205?
205
Calculate the highest common divisor of 8201 and 695.
139
What is the greatest common divisor of 527 and 187?
17
Calculate the highest common factor of 1333 and 301.
43
Calculate the greatest common factor of 6675 and 178.
89
What is the greatest common factor of 2054 and 143?
13
What is the greatest common factor of 22 and 1826?
22
What is the greatest common divisor of 110 and 517?
11
Calculate the highest common factor of 150 and 370.
10
Calculate the highest common divisor of 330 and 12.
6
Calculate the highest common divisor of 85 and 17.
17
Calculate the highest common divisor of 185 and 4699.
37
Calculate the greatest common divisor of 33 and 3.
3
What is the highest common divisor of 209 and 44?
11
Calculate the highest common divisor of 22 and 23.
1
Calculate the highest common factor of 765 and 51.
51
What is the highest common divisor of 242 and 363?
121
What is the greatest common factor of 146 and 12410?
146
Calculate the greatest common divisor of 3 and 206.
1
Calculate the greatest common divisor of 160 and 720.
80
Calculate the highest common factor of 2917 and 4.
1
What is the highest common factor of 2244 and 176?
44
Calculate the greatest common divisor of 27 and 2.
1
What is the highest common factor of 1404 and 3900?
156
Calculate the highest common divisor of 44 and 55.
11
Calculate the greatest common factor of 4065 and 105.
15
Calculate the highest common divisor of 1005 and 120.
15
What is the greatest common divisor of 416 and 312?
104
Calculate the greatest common divisor of 94 and 47564.
94
What is the greatest common divisor of 513 and 108?
27
What is the greatest common factor of 78 and 1911?
39
Calculate the greatest common factor of 2513 and 7.
7
Calculate the greatest common factor of 34 and 2482.
34
What is the greatest common divisor of 8 and 84472?
8
What is the greatest common divisor of 13 and 572?
13
Calculate the highest common divisor of 49 and 21.
7
Calculate the highest common factor of 45 and 120.
15
Calculate the greatest common factor of 225 and 981.
9
Calculate the greatest common divisor of 22944 and 96.
96
Calculate the highest common divisor of 273 and 3.
3
What is the greatest common divisor of 604 and 4?
4
Calculate the highest common factor of 322 and 14.
14
What is the highest common divisor of 44 and 11?
11
What is the greatest common divisor of 1369 and 111?
37
Calculate the greatest common factor of 285 and 195.
15
What is the greatest common factor of 108 and 34164?
36
Calculate the highest common factor of 4395 and 5.
5
What is the greatest common divisor of 360 and 24?
24
What is the greatest common factor of 9718 and 904?
226
What is the greatest common divisor of 140 and 340?
20
Calculate the greatest common factor of 752 and 141.
47
Calculate the greatest common factor of 29556 and 72.
36
Calculate the greatest common factor of 161 and 299.
23
What is the greatest common factor of 3399 and 22?
11
What is the greatest common factor of 405 and 162?
81
Calculate the highest common divisor of 133 and 1159.
19
Calculate the highest common divisor of 204 and 36.
12
Calculate the greatest common divisor of 39 and 39.
39
Calculate the greatest common divisor of 2233 and 154.
77
Calculate the greatest common divisor of 5268 and 9.
3
What is the greatest common factor of 318 and 6?
6
What is the greatest common divisor of 4 and 1?
1
What is the highest common factor of 102 and 13634?
34
Calculate the highest common factor of 21 and 161.
7
What is the greatest common factor of 5 and 2395?
5
What is the greatest common factor of 18 and 414?
18
Calculate the greatest common factor of 2210 and 170.
170
Calculate the greatest common divisor of 26 and 2938.
26
Calculate the highest common factor of 1276 and 44.
44
What is the highest common factor of 18 and 2313?
9
Calculate the greatest common factor of 561 and 462.
33
Calculate the greatest common divisor of 738 and 30.
6
What is the greatest common factor of 5208 and 124?
124
What is the highest common divisor of 175 and 245?
35
What is the greatest common divisor of 8120 and 140?
140
Calculate the greatest common divisor of 1274 and 98.
98
Calculate the highest common factor of 69 and 12.
3
What is the greatest common divisor of 5235 and 5?
5
Calculate the greatest common factor of 108 and 6.
6
What is the highest common divisor of 121 and 99?
11
What is the highest common factor of 8957 and 265?
53
Calculate the highest common divisor of 40 and 25000.
40
What is the greatest common factor of 34 and 221?
17
What is the greatest common factor of 51 and 1581?
51
What is the greatest common divisor of 34 and 2788?
34
What is the greatest common divisor of 630 and 70?
70
Calculate the greatest common divisor of 3 and 147.
3
Calculate the greatest common factor of 1100 and 22.
22
Calculate the greatest common divisor of 42 and 126.
42
What is the greatest common divisor of 516 and 43?
43
What is the greatest common factor of 3034 and 246?
82
Calculate the highest common factor of 1219 and 46.
23
What is the highest common divisor of 224 and 64?
32
What is the greatest common factor of 1908 and 36?
36
What is the highest common divisor of 26214 and 34?
34
Calculate the highest common 